9
List the prime factors of 1301473409.
37, 35174957
List the prime factors of 20476814.
2, 2753, 3719
List the prime factors of 38911378.
2, 11, 41, 179, 241
What are the prime factors of 118691371?
67, 131, 13523
List the prime factors of 312269192.
2, 17, 2296097
What are the prime factors of 183886260?
2, 3, 5, 929, 3299
What are the prime factors of 39938920?
2, 5, 7, 41, 71
What are the prime factors of 55619503?
73, 263, 2897
List the prime factors of 189589375.
5, 163, 1861
List the prime factors of 6595763394.
2, 3, 11, 17, 487, 12071
List the prime factors of 5549033225.
5, 127, 1747727
What are the prime factors of 341536145?
5, 31, 1361, 1619
What are the prime factors of 5518784744?
2, 11, 47, 1334329
List the prime factors of 1104667019.
28181, 39199
What are the prime factors of 392219051?
7, 431, 130003
List the prime factors of 39276745.
5, 7855349
List the prime factors of 415919923.
37, 11241079
What are the prime factors of 1035796582?
2, 23, 22517317
What are the prime factors of 102019741?
1951, 52291
List the prime factors of 78786107.
78786107
List the prime factors of 6260909.
6260909
What are the prime factors of 176281261?
13, 419, 32363
List the prime factors of 234997138.
2, 37, 149, 21313
List the prime factors of 74263437.
3, 8251493
List the prime factors of 32306396.
2, 8076599
What are the prime factors of 352315980?
2, 3, 5, 72493
List the prime factors of 1008259226.
2, 13, 38779201
What are the prime factors of 151882546?
2, 509, 149197
List the prime factors of 777229542.
2, 3, 19, 101, 22501
What are the prime factors of 56262266?
2, 28131133
What are the prime factors of 226024348?
2, 11, 31, 165707
List the prime factors of 81933264.
2, 3, 7, 81283
List the prime factors of 2144168347.
2144168347
List the prime factors of 14778256.
2, 923641
List the prime factors of 51011743.
73, 263, 2657
What are the prime factors of 1981641607?
11, 180149237
List the prime factors of 2322129699.
3, 258014411
What are the prime factors of 210946173?
3, 251, 457, 613
What are the prime factors of 17055959?
41, 415999
List the prime factors of 91034104.
2, 7, 31, 41, 1279
What are the prime factors of 21993620?
2, 5, 11, 99971
List the prime factors of 283706979.
3, 2819, 33547
List the prime factors of 667718080.
2, 5, 71, 29389
What are the prime factors of 1770042000?
2, 3, 5, 295007
List the prime factors of 862695493.
11, 263, 298201
List the prime factors of 320570908.
2, 7, 11448961
List the prime factors of 29933006.
2, 397, 37699
List the prime factors of 132128335.
5, 17, 1554451
What are the prime factors of 80540200?
2, 5, 13, 30977
List the prime factors of 170182775.
5, 7, 972473
List the prime factors of 75615535.
5, 19, 557, 1429
What are the prime factors of 69540124?
2, 17385031
What are the prime factors of 2583819782?
2, 227, 269, 21157
What are the prime factors of 860513941?
7, 2508787
List the prime factors of 48257234.
2, 73, 383, 863
List the prime factors of 8404651.
43, 195457
List the prime factors of 58402425.
3, 5, 778699
List the prime factors of 4018467181.
647, 6210923
List the prime factors of 24574821.
3, 8191607
List the prime factors of 112684168.
2, 14085521
What are the prime factors of 2029283885?
5, 19, 691, 1627
List the prime factors of 1162859646.
2, 3, 13, 14908457
List the prime factors of 1138328851.
11, 29, 523, 6823
What are the prime factors of 652224388?
2, 163056097
What are the prime factors of 41725990?
2, 5, 17, 71, 3457
What are the prime factors of 167598743?
13, 29, 419, 1061
What are the prime factors of 169155257?
61, 2773037
List the prime factors of 60113877.
3, 20037959
What are the prime factors of 92582986?
2, 17, 769, 3541
What are the prime factors of 130049780?
2, 5, 7, 928927
What are the prime factors of 7601748?
2, 3, 7, 11, 19, 433
List the prime factors of 164463114.
2, 3, 1901, 14419
List the prime factors of 2567909913.
3, 855969971
List the prime factors of 376121684.
2, 599, 156979
What are the prime factors of 14399182?
2, 7, 941, 1093
What are the prime factors of 3459933104?
2, 3917, 55207
What are the prime factors of 15472392?
2, 3, 13, 101, 491
What are the prime factors of 3001450839?
3, 1213, 824801
What are the prime factors of 21762384?
2, 3, 7, 239, 271
List the prime factors of 2473661170.
2, 5, 4177, 59221
What are the prime factors of 2270903620?
2, 5, 23, 193, 25579
List the prime factors of 81251866.
2, 19, 2138207
What are the prime factors of 3054877618?
2, 13, 23, 103, 49597
List the prime factors of 2692156333.
29, 97, 957041
What are the prime factors of 1648269612?
2, 3, 11, 17, 244841
What are the prime factors of 47670563?
19, 103, 24359
What are the prime factors of 589152143?
89, 6619687
What are the prime factors of 138414358?
2, 71, 974749
List the prime factors of 23764090.
2, 5, 7, 193, 1759
What are the prime factors of 860456660?
2, 5, 7, 43, 2917
What are the prime factors of 87552843?
3, 7, 439, 9497
What are the prime factors of 113857201?
191, 3121
What are the prime factors of 147248549?
7, 21035507
List the prime factors of 428364418.
2, 971, 220579
What are the prime factors of 357061912?
2, 44632739
List the prime factors of 18147088.
2, 1134193
List the prime factors of 930058987.
11, 13, 19, 467, 733
What are the prime factors of 4550015761?
67, 83, 101, 8101
List the prime factors of 479870890.
2, 5, 149, 443, 727
List the prime factors of 544755604.
2, 29, 1153, 4073
List the prime factors of 541826593.
7, 11, 7036709
List the prime factors of 145601130.
2, 3, 5, 193, 25147
List the prime factors of 1251181913.
23689, 52817
List the prime factors of 756726645.
3, 5, 50448443
List the prime factors of 526175002.
2, 23, 37, 173, 1787
What are the prime factors of 494386716?
2, 3, 449, 91757
What are the prime factors of 38750876?
2, 9687719
What are the prime factors of 61952986?
2, 3217, 9629
List the prime factors of 4116845468.
2, 1029211367
List the prime factors of 1082546530.
2, 5, 13, 2357, 3533
List the prime factors of 794107202.
2, 7, 56721943
What are the prime factors of 310497395?
5, 13, 31, 223, 691
List the prime factors of 174855003.
3, 53, 1099717
What are the prime factors of 900511012?
2, 17, 113, 117193
What are the prime factors of 45343085?
5, 71, 127727
List the prime factors of 653022688.
2, 31, 263, 2503
List the prime factors of 291747967.
7, 97, 429673
List the prime factors of 52615483.
29, 62563
List the prime factors of 40759545.
3, 5, 739, 3677
List the prime factors of 17899025.
5, 715961
List the prime factors of 2810320414.
2, 11, 331, 385927
List the prime factors of 23282732.
2, 11, 529153
List the prime factors of 266480867.
31, 8596157
List the prime factors of 152957707.
7, 223, 97987
What are the prime factors of 31012036?
2, 11, 704819
What are the prime factors of 840938563?
840938563
List the prime factors of 3530843396.
2, 882710849
List the prime factors of 150953526.
2, 3, 29, 71, 4073
List the prime factors of 522453824.
2, 743, 10987
What are the prime factors of 239923815?
3, 5, 29, 551549
List the prime factors of 844326750.
2, 3, 5, 19, 193, 307
List the prime factors of 3938091593.
3938091593
List the prime factors of 2395916522.
2, 17, 70468133
List the prime factors of 441716487.
3, 29, 5077201
List the prime factors of 2230858999.
61, 36571459
List the prime factors of 34964448.
2, 3, 364213
List the prime factors of 1386606421.
1386606421
What are the prime factors of 18378091?
18378091
List the prime factors of 6931379494.
2, 13, 29, 9192811
What are the prime factors of 8142142804?
2, 2035535701
What are the prime factors of 1927059225?
3, 5, 7, 13, 17, 977
What are the prime factors of 120730570?
2, 5, 12073057
List the prime factors of 4030643254.
2, 11, 17, 10777121
List the prime factors of 85773433.
43, 59, 33809
What are the prime factors of 614509720?
2, 5, 11, 1396613
List the prime factors of 235422524.
2, 1171, 50261
List the prime factors of 4414798.
2, 17, 41, 3167
List the prime factors of 3973495516.
2, 197, 5042507
List the prime factors of 9538227589.
11, 21163, 40973
List the prime factors of 467159060.
2, 5, 881, 26513
List the prime factors of 60597940.
2, 5, 13, 233069
List the prime factors of 4864357238.
2, 13, 19, 131